.
12
What is the greatest common divisor of 5014 and 373796?
46
Calculate the highest common factor of 21800727 and 45.
9
Calculate the highest common factor of 47112 and 1967394.
78
Calculate the greatest common divisor of 506378 and 92684.
94
What is the highest common factor of 23199435 and 90?
45
Calculate the highest common divisor of 8720 and 70430.
10
Calculate the highest common factor of 2573 and 1094641.
31
What is the highest common factor of 5600 and 207206650?
350
Calculate the highest common divisor of 80778120 and 120.
120
What is the greatest common divisor of 64627566 and 12030?
2406
What is the highest common divisor of 3175 and 135475?
25
What is the greatest common factor of 38229109 and 59?
59
Calculate the highest common divisor of 87362 and 1712584.
722
What is the highest common divisor of 5776616 and 20?
4
What is the greatest common factor of 2358295882 and 5702?
5702
Calculate the highest common divisor of 352172 and 204.
68
Calculate the highest common factor of 1380 and 25373715.
345
Calculate the highest common divisor of 1350668 and 484.
44
What is the greatest common divisor of 310 and 1249800?
10
What is the highest common divisor of 12429328 and 5008?
16
Calculate the highest common factor of 96786 and 1565273.
283
What is the highest common factor of 253228 and 666?
74
Calculate the highest common divisor of 4981092 and 115251.
2811
Calculate the highest common factor of 2 and 5993893.
1
What is the highest common divisor of 1617 and 165950652?
147
What is the greatest common divisor of 615314 and 135968?
14
Calculate the greatest common divisor of 55005 and 463200.
2895
Calculate the greatest common factor of 45 and 111793.
1
What is the highest common divisor of 262 and 36232111?
131
Calculate the highest common factor of 20 and 189999560.
20
Calculate the greatest common factor of 56217497 and 7.
7
Calculate the greatest common divisor of 1416405 and 60.
15
Calculate the highest common divisor of 224 and 453942.
2
What is the highest common factor of 291030 and 331080?
2670
What is the highest common divisor of 60 and 3406422?
6
Calculate the greatest common factor of 66576 and 168720.
912
What is the highest common divisor of 5110 and 263430?
10
What is the greatest common factor of 88832 and 1635758?
694
What is the highest common factor of 250001 and 3053383?
2809
Calculate the highest common factor of 5050 and 174350.
50
Calculate the highest common factor of 153754156 and 228.
76
Calculate the highest common divisor of 42842 and 435054.
62
Calculate the highest common divisor of 42247139 and 33.
11
What is the greatest common divisor of 254259868 and 3873?
1291
Calculate the highest common divisor of 592 and 331512156.
148
Calculate the greatest common divisor of 1485 and 124240545.
495
Calculate the greatest common factor of 440 and 38972960.
40
What is the highest common factor of 302 and 201452573?
151
Calculate the greatest common divisor of 1249 and 13435493.
1249
What is the greatest common divisor of 1207 and 1393162?
71
What is the highest common factor of 156 and 23244988?
52
What is the highest common divisor of 685386 and 31255359?
8787
What is the greatest common divisor of 7678 and 1344978294?
7678
What is the highest common factor of 2990 and 38?
2
Calculate the highest common factor of 17553520 and 3060.
340
Calculate the greatest common factor of 7920928 and 856.
8
What is the highest common factor of 291 and 152076212?
97
Calculate the highest common factor of 2011392 and 42192.
144
What is the greatest common divisor of 4279406 and 146?
146
What is the greatest common factor of 2280 and 29635440?
2280
What is the highest common factor of 38 and 36313655?
19
What is the highest common divisor of 200 and 1403083800?
200
Calculate the greatest common factor of 2019316 and 1248.
52
What is the highest common divisor of 807 and 4129?
1
Calculate the highest common factor of 2953860 and 980.
140
Calculate the highest common factor of 6348227 and 565.
113
Calculate the highest common factor of 3 and 541096.
1
Calculate the highest common divisor of 1890 and 3125655.
135
Calculate the greatest common divisor of 10309 and 48556.
61
Calculate the highest common factor of 17784481 and 99.
11
What is the greatest common divisor of 419844 and 276?
12
What is the greatest common divisor of 504 and 1019550?
42
Calculate the greatest common divisor of 145129328 and 80.
16
What is the greatest common divisor of 2576 and 719348?
644
Calculate the greatest common divisor of 13704755 and 25865.
3695
Calculate the highest common factor of 1087427 and 139535.
473
What is the greatest common divisor of 2484 and 2081316?
276
What is the highest common divisor of 30 and 80657240?
10
Calculate the greatest common factor of 755268 and 1113.
3
Calculate the greatest common factor of 1319374364 and 17556.
5852
What is the highest common factor of 2931 and 387879?
3
Calculate the highest common factor of 98518 and 3859.
227
What is the greatest common divisor of 181974 and 3046898?
4666
What is the greatest common factor of 4733817564 and 1239?
1239
Calculate the highest common factor of 25102425 and 90.
15
Calculate the highest common factor of 130 and 892845.
5
What is the greatest common factor of 2055 and 1185465?
15
What is the greatest common divisor of 2945 and 16565160?
155
Calculate the highest common factor of 1277 and 271990784.
1277
Calculate the highest common factor of 486 and 93262914.
486
Calculate the greatest common factor of 13 and 55430843.
13
Calculate the highest common divisor of 616144 and 112.
16
Calculate the greatest common factor of 94080373 and 69.
23
What is the highest common divisor of 9195309 and 24577?
3511
Calculate the greatest common factor of 105677892 and 4137.
591
Calculate the greatest common divisor of 547568 and 2899177.
4889
Calculate the greatest common divisor of 84062374 and 236.
118
What is the greatest common divisor of 265812 and 1788672?
204
What is the greatest common divisor of 2044 and 3854108?
292
What is the greatest common divisor of 2120040 and 193245?
195
What is the greatest common divisor of 3168 and 413792?
32
Calculate the highest common divisor of 96 and 4874592.
96
Calculate the highest common divisor of 600653 and 1773.
197
What is the greatest common divisor of 3114538635 and 9741?
9741
What is the greatest common divisor of 8987747 and 544?
17
What is the highest common factor of 62323582 and 8872?
2218
What is the greatest common divisor of 122 and 5954698?
122
Calculate the highest common factor of 115 and 73881359.
23
What is the highest common divisor of 94273 and 2?
1
Calculate the highest common factor of 498832 and 1600.
16
What is the highest common factor of 74096 and 9496076?
1684
What is the greatest common factor of 63445641 and 147?
147
What is the greatest common factor of 2098005 and 1590?
795
Calculate the greatest common divisor of 1670570 and 1628.
22
What is the highest common divisor of 140 and 1124165?
35
Calculate the highest common factor of 102 and 52834470.
102
Calculate the highest common divisor of 3138 and 28824622.
1046
What is the highest common factor of 898952 and 312?
8
Calculate the highest common divisor of 3159141 and 7797.
339
Calculate the highest common factor of 2354908 and 272.
68
Calculate the highest common factor of 3454 and 20052668.
314
Calculate the greatest common factor of 6287570 and 60.
10
Calculate the greatest common divisor of 250787642 and 11564.
826
Calculate the greatest common divisor of 3305696 and 42712.
152
Calculate the greatest common divisor of 12798 and 189324.
54
Calculate the greatest common divisor of 9 and 33647499.
9
What is the highest common factor of 9472 and 2634178?
74
What is the highest common divisor of 95455 and 5933?
17
Calculate the highest common factor of 5935488 and 44544.
11136
What is the highest common factor of 19 and 359442361?
19
What is the highest common divisor of 298 and 9855158?
298
Calculate the highest common divisor of 290 and 708238.
58
Calculate the highest common factor of 11218671 and 32346.
5391
What is the greatest common factor of 52306861 and 28238?
2017
What is the greatest common factor of 483412 and 14807?
17
Calculate the highest com